{"id":5417,"date":"2025-10-16T05:58:02","date_gmt":"2025-10-16T03:58:02","guid":{"rendered":"https:\/\/sport-vereint.de\/akteure\/sportgemeinschaft-gruen-weiss-baerenklau-e-v\/"},"modified":"2026-01-06T20:02:38","modified_gmt":"2026-01-06T19:02:38","slug":"sportgemeinschaft-gruen-weiss-baerenklau-e-v","status":"publish","type":"akteure","link":"https:\/\/sport-vereint.de\/en\/akteure\/sportgemeinschaft-gruen-weiss-baerenklau-e-v\/","title":{"rendered":"Sportgemeinschaft Gr\u00fcn-Wei\u00df B\u00e4renklau E.V."},"template":"","sportart":[3475],"region":[79,97],"akteur_typ":[3102],"class_list":["post-5417","akteure","type-akteure","status-publish","hentry","sportart-football-en","region-brandenburg","region-oberhavel","akteur_typ-sportverein"],"_links":{"self":[{"href":"https:\/\/sport-vereint.de\/en\/wp-json\/wp\/v2\/akteure\/5417","targetHints":{"allow":["GET"]}}],"collection":[{"href":"https:\/\/sport-vereint.de\/en\/wp-json\/wp\/v2\/akteure"}],"about":[{"href":"https:\/\/sport-vereint.de\/en\/wp-json\/wp\/v2\/types\/akteure"}],"wp:attachment":[{"href":"https:\/\/sport-vereint.de\/en\/wp-json\/wp\/v2\/media?parent=5417"}],"wp:term":[{"taxonomy":"sportart","embeddable":true,"href":"https:\/\/sport-vereint.de\/en\/wp-json\/wp\/v2\/sportart?post=5417"},{"taxonomy":"region","embeddable":true,"href":"https:\/\/sport-vereint.de\/en\/wp-json\/wp\/v2\/region?post=5417"},{"taxonomy":"akteur_typ","embeddable":true,"href":"https:\/\/sport-vereint.de\/en\/wp-json\/wp\/v2\/akteur_typ?post=5417"}],"curies":[{"name":"wp","href":"https:\/\/api.w.org\/{rel}","templated":true}]}}

Sportgemeinschaft Grün-Weiß Bärenklau E.V.
