{"id":7526,"date":"2025-10-16T05:57:16","date_gmt":"2025-10-16T03:57:16","guid":{"rendered":"https:\/\/sport-vereint.de\/akteure\/association-de-soutien-de-lecole-primaire-cooperative-et-integrative-de-birkenwerder-e-v\/"},"modified":"2025-11-25T14:48:21","modified_gmt":"2025-11-25T13:48:21","slug":"association-de-soutien-de-lecole-primaire-cooperative-et-integrative-de-birkenwerder-e-v","status":"publish","type":"akteure","link":"https:\/\/sport-vereint.de\/fr\/akteure\/association-de-soutien-de-lecole-primaire-cooperative-et-integrative-de-birkenwerder-e-v\/","title":{"rendered":"Association de soutien de l&rsquo;\u00e9cole primaire coop\u00e9rative et int\u00e9grative de Birkenwerder e.V."},"template":"","sportart":[],"region":[79,97],"akteur_typ":[3108],"class_list":["post-7526","akteure","type-akteure","status-publish","hentry","region-brandenburg","region-oberhavel","akteur_typ-sportverein"],"_links":{"self":[{"href":"https:\/\/sport-vereint.de\/fr\/wp-json\/wp\/v2\/akteure\/7526","targetHints":{"allow":["GET"]}}],"collection":[{"href":"https:\/\/sport-vereint.de\/fr\/wp-json\/wp\/v2\/akteure"}],"about":[{"href":"https:\/\/sport-vereint.de\/fr\/wp-json\/wp\/v2\/types\/akteure"}],"wp:attachment":[{"href":"https:\/\/sport-vereint.de\/fr\/wp-json\/wp\/v2\/media?parent=7526"}],"wp:term":[{"taxonomy":"sportart","embeddable":true,"href":"https:\/\/sport-vereint.de\/fr\/wp-json\/wp\/v2\/sportart?post=7526"},{"taxonomy":"region","embeddable":true,"href":"https:\/\/sport-vereint.de\/fr\/wp-json\/wp\/v2\/region?post=7526"},{"taxonomy":"akteur_typ","embeddable":true,"href":"https:\/\/sport-vereint.de\/fr\/wp-json\/wp\/v2\/akteur_typ?post=7526"}],"curies":[{"name":"wp","href":"https:\/\/api.w.org\/{rel}","templated":true}]}}

Association de soutien de l&rsquo;école primaire coopérative et intégrative de Birkenwerder e.V.
