{"id":2902,"date":"2025-08-22T01:29:38","date_gmt":"2025-08-21T23:29:38","guid":{"rendered":"https:\/\/sport-vereint.de\/a-propos-de-nous\/"},"modified":"2026-02-12T18:17:06","modified_gmt":"2026-02-12T17:17:06","slug":"a-propos-de-nous","status":"publish","type":"page","link":"https:\/\/sport-vereint.de\/fr\/a-propos-de-nous\/","title":{"rendered":"\u00c0 propos de nous"},"content":{"rendered":"\t\t<div data-elementor-type=\"wp-page\" data-elementor-id=\"2902\" class=\"elementor elementor-2902 elementor-74\" data-elementor-post-type=\"page\">\n\t\t\t\t<div class=\"elementor-element elementor-element-1b787ef e-flex e-con-boxed e-con e-parent\" data-id=\"1b787ef\" data-element_type=\"container\" data-e-type=\"container\">\n\t\t\t\t\t<div class=\"e-con-inner\">\n\t\t<div class=\"elementor-element elementor-element-e67cde3 e-con-full e-flex e-con e-child\" data-id=\"e67cde3\" data-element_type=\"container\" data-e-type=\"container\">\n\t\t\t\t<div class=\"elementor-element elementor-element-4e1622a elementor-widget elementor-widget-heading\" data-id=\"4e1622a\" data-element_type=\"widget\" data-e-type=\"widget\" data-widget_type=\"heading.default\">\n\t\t\t\t\t<h2 class=\"elementor-heading-title elementor-size-default\">\u00c0 propos de nous<\/h2>\t\t\t\t<\/div>\n\t\t\t\t<div class=\"elementor-element elementor-element-0ece5d9 elementor-widget elementor-widget-heading\" data-id=\"0ece5d9\" data-element_type=\"widget\" data-e-type=\"widget\" data-widget_type=\"heading.default\">\n\t\t\t\t\t<h5 class=\"elementor-heading-title elementor-size-default\">L\u2019int\u00e9gration par le sport<br>R\u00e9seau de l\u2019Oberhavel<\/h5>\t\t\t\t<\/div>\n\t\t\t\t<\/div>\n\t\t<div class=\"elementor-element elementor-element-b7e4201 e-con-full e-flex e-con e-child\" data-id=\"b7e4201\" data-element_type=\"container\" data-e-type=\"container\">\n\t\t\t\t<div class=\"elementor-element elementor-element-a24612c elementor-widget elementor-widget-image\" data-id=\"a24612c\" data-element_type=\"widget\" data-e-type=\"widget\" data-widget_type=\"image.default\">\n\t\t\t\t\t\t\t\t\t\t\t\t\t\t\t<img fetchpriority=\"high\" decoding=\"async\" width=\"1920\" height=\"1280\" src=\"https:\/\/sport-vereint.de\/wp-content\/uploads\/2025\/09\/sport-vereint-image-gb-01.webp\" class=\"attachment-full size-full wp-image-2941\" alt=\"\" srcset=\"https:\/\/sport-vereint.de\/wp-content\/uploads\/2025\/09\/sport-vereint-image-gb-01.webp 1920w, https:\/\/sport-vereint.de\/wp-content\/uploads\/2025\/09\/sport-vereint-image-gb-01-300x200.webp 300w, https:\/\/sport-vereint.de\/wp-content\/uploads\/2025\/09\/sport-vereint-image-gb-01-1024x683.webp 1024w, https:\/\/sport-vereint.de\/wp-content\/uploads\/2025\/09\/sport-vereint-image-gb-01-768x512.webp 768w, https:\/\/sport-vereint.de\/wp-content\/uploads\/2025\/09\/sport-vereint-image-gb-01-1536x1024.webp 1536w\" sizes=\"(max-width: 1920px) 100vw, 1920px\" \/>\t\t\t\t\t\t\t\t\t\t\t\t\t\t\t<\/div>\n\t\t\t\t<\/div>\n\t\t\t\t\t<\/div>\n\t\t\t\t<\/div>\n\t\t<div class=\"elementor-element elementor-element-c8527ab e-flex e-con-boxed e-con e-parent\" data-id=\"c8527ab\" data-element_type=\"container\" data-e-type=\"container\">\n\t\t\t\t\t<div class=\"e-con-inner\">\n\t\t\t\t<div class=\"elementor-element elementor-element-1c8300a5 elementor-widget elementor-widget-heading\" data-id=\"1c8300a5\" data-element_type=\"widget\" data-e-type=\"widget\" data-widget_type=\"heading.default\">\n\t\t\t\t\t<h2 class=\"elementor-heading-title elementor-size-default\">Notre mission<\/h2>\t\t\t\t<\/div>\n\t\t<div class=\"elementor-element elementor-element-ac740bb e-con-full e-flex e-con e-child\" data-id=\"ac740bb\" data-element_type=\"container\" data-e-type=\"container\">\n\t\t\t\t<div class=\"elementor-element elementor-element-2ce79e5 elementor-widget elementor-widget-text-editor\" data-id=\"2ce79e5\" data-element_type=\"widget\" data-e-type=\"widget\" data-widget_type=\"text-editor.default\">\n\t\t\t\t\t\t\t\t\t<p>Le sport rassemble, au-del\u00e0 des langues, des origines et des g\u00e9n\u00e9rations.<br>C\u2019est pr\u00e9cis\u00e9ment ce qui fait la richesse du projet <b>\u00ab&nbsp;L\u2019int\u00e9gration par le sport dans le district d\u2019Oberhavel&nbsp;\u00bb<\/b>, qui a \u00e9t\u00e9 financ\u00e9 par le d\u00e9partement de la migration du <b>district d\u2019Oberhavel<\/b> du <b>1er&nbsp;mars au 31&nbsp;d\u00e9cembre&nbsp;2025<\/b> et mis en \u0153uvre par le <b>Familien-Sport-Verein-Oberhavel e.V.<\/b>.<br><br><\/p><h3>Notre objectif commun :<\/h3><p><b>Rassembler les gens.<\/b><br>Gr\u00e2ce au mouvement, au jeu et \u00e0 la rencontre, nous avons renforc\u00e9 l\u2019int\u00e9gration sociale des migrants, am\u00e9lior\u00e9 leur sant\u00e9 physique et mentale, r\u00e9duit les barri\u00e8res linguistiques et surmont\u00e9 les pr\u00e9jug\u00e9s. Le sport est devenu un moyen d\u2019ouvrir les portes \u00e0 l\u2019\u00e9change, \u00e0 la confiance et \u00e0 une coexistence respectueuse. <\/p><p>Des <b>groupes de sport multiculturels<\/b> ont vu le jour dans tout le district d\u2019Oberhavel. L\u2019offre a \u00e9t\u00e9 compl\u00e9t\u00e9e par <b>trois grandes journ\u00e9es sportives ouvertes<\/b>, auxquelles <b>plus de 350&nbsp;personnes<\/b> ont particip\u00e9 activement&nbsp;: des familles, des enfants, des jeunes et des adultes issus d\u2019horizons tr\u00e8s diff\u00e9rents. Ce qui \u00e9tait particuli\u00e8rement important pour nous&nbsp;: <b>la participation d\u00e8s le d\u00e9but.<\/b> Les familles et les partenaires du r\u00e9seau ont \u00e9t\u00e9 d\u00e9lib\u00e9r\u00e9ment associ\u00e9s \u00e0 la planification et \u00e0 la mise en \u0153uvre des journ\u00e9es sportives familiales.  <\/p><p>Un autre point important a \u00e9t\u00e9 <b>la promotion linguistique par le sport<\/b> ainsi que la mise en place de structures durables. Des <b>programmes d\u2019entra\u00eenement et des tandems d\u2019entra\u00eeneurs<\/b> ont \u00e9t\u00e9 d\u00e9velopp\u00e9s dans le cadre de formations, de rencontres de r\u00e9seau et de formats pratiques. Au total, <b>huit moniteurs et monitrices<\/b> ont pu \u00eatre qualifi\u00e9s en tant que <b>moniteurs de sport pour tous de niveau&nbsp;C<\/b> pour le travail avec les r\u00e9fugi\u00e9s.  <\/p><p>Un v\u00e9ritable c\u0153ur du projet a \u00e9t\u00e9 <b>l\u2019implication active des migrants en tant que multiplicateurs, multiplicatrices ainsi que moniteurs et monitrices<\/b>. Cela a consid\u00e9rablement facilit\u00e9 l\u2019acc\u00e8s au sport en club, et les clubs sportifs ont pu se d\u00e9velopper de mani\u00e8re plus diversifi\u00e9e, plus ouverte et plus durable. <\/p><p>Avec <b>sport-vereint.de<\/b>, nous avons \u00e9galement cr\u00e9\u00e9 une base pour rendre les offres sportives du district <b>claires, cibl\u00e9es et surtout multilingues<\/b>. La plateforme aide les clubs \u00e0 atteindre de nouveaux groupes cibles et invite les gens \u00e0 d\u00e9couvrir des offres d\u2019activit\u00e9s physiques adapt\u00e9es \u00e0 proximit\u00e9 de chez eux. <\/p><p>\ud83d\udc49 <b>Vous souhaitez int\u00e9grer sport-vereint.de \u00e0 la page de votre club ou faire partie du r\u00e9seau&nbsp;?<\/b><br>N\u2019h\u00e9sitez pas \u00e0 nous contacter, nous serons ravis d\u2019\u00e9changer avec vous&nbsp;!<\/p><p>Avec nos salutations sportives<br><b>Votre Familien-Sport-Verein-Oberhavel e.V.<\/b><\/p>\t\t\t\t\t\t\t\t<\/div>\n\t\t\t\t<div class=\"elementor-element elementor-element-f419b1d elementor-blockquote--skin-border elementor-widget elementor-widget-blockquote\" data-id=\"f419b1d\" data-element_type=\"widget\" data-e-type=\"widget\" data-widget_type=\"blockquote.default\">\n\t\t\t\t\t\t\t<blockquote class=\"elementor-blockquote\">\n\t\t\t<p class=\"elementor-blockquote__content\">\n\t\t\t\tUn grand merci au district d\u2019Oberhavel pour sa confiance, son soutien et la possibilit\u00e9 de d\u00e9velopper ce projet ensemble \u2013 ainsi que pour la perspective d\u2019une collaboration toujours fructueuse.\t\t\t<\/p>\n\t\t\t\t\t<\/blockquote>\n\t\t\t\t\t\t<\/div>\n\t\t\t\t<\/div>\n\t\t\t\t\t<\/div>\n\t\t\t\t<\/div>\n\t\t\t\t<\/div>\n\t\t","protected":false},"excerpt":{"rendered":"<p>\u00c0 propos de nous L\u2019int\u00e9gration par le sportR\u00e9seau de l\u2019Oberhavel Notre mission Le sport rassemble, au-del\u00e0 des langues, des origines et des g\u00e9n\u00e9rations.C\u2019est pr\u00e9cis\u00e9ment ce qui fait la richesse du projet \u00ab&nbsp;L\u2019int\u00e9gration par le sport dans le district d\u2019Oberhavel&nbsp;\u00bb, qui a \u00e9t\u00e9 financ\u00e9 par le d\u00e9partement de la migration du district d\u2019Oberhavel du 1er&nbsp;mars au [&hellip;]<\/p>\n","protected":false},"author":2,"featured_media":0,"parent":0,"menu_order":5,"comment_status":"closed","ping_status":"closed","template":"elementor_header_footer","meta":{"footnotes":""},"class_list":["post-2902","page","type-page","status-publish","hentry"],"_links":{"self":[{"href":"https:\/\/sport-vereint.de\/fr\/wp-json\/wp\/v2\/pages\/2902","targetHints":{"allow":["GET"]}}],"collection":[{"href":"https:\/\/sport-vereint.de\/fr\/wp-json\/wp\/v2\/pages"}],"about":[{"href":"https:\/\/sport-vereint.de\/fr\/wp-json\/wp\/v2\/types\/page"}],"author":[{"embeddable":true,"href":"https:\/\/sport-vereint.de\/fr\/wp-json\/wp\/v2\/users\/2"}],"replies":[{"embeddable":true,"href":"https:\/\/sport-vereint.de\/fr\/wp-json\/wp\/v2\/comments?post=2902"}],"version-history":[{"count":6,"href":"https:\/\/sport-vereint.de\/fr\/wp-json\/wp\/v2\/pages\/2902\/revisions"}],"predecessor-version":[{"id":9718,"href":"https:\/\/sport-vereint.de\/fr\/wp-json\/wp\/v2\/pages\/2902\/revisions\/9718"}],"wp:attachment":[{"href":"https:\/\/sport-vereint.de\/fr\/wp-json\/wp\/v2\/media?parent=2902"}],"curies":[{"name":"wp","href":"https:\/\/api.w.org\/{rel}","templated":true}]}}

À propos de nous

<div data-elementor-type="wp-page" data-elementor-id="2902" class="elementor elementor-2902 elementor-74" data-elementor-post-type="page">
				<div class="elementor-element elementor-element-1b787ef e-flex e-con-boxed e-con e-parent" data-id="1b787ef" data-element_type="container" data-e-type="container">
					<div class="e-con-inner">
		<div class="elementor-element elementor-element-e67cde3 e-con-full e-flex e-con e-child" data-id="e67cde3" data-element_type="container" data-e-type="container">
				<div class="elementor-element elementor-element-4e1622a elementor-widget elementor-widget-heading" data-id="4e1622a" data-element_type="widget" data-e-type="widget" data-widget_type="heading.default">
					<h2 class="elementor-heading-title elementor-size-default">À propos de nous</h2>				</div>
				<div class="elementor-element elementor-element-0ece5d9 elementor-widget elementor-widget-heading" data-id="0ece5d9" data-element_type="widget" data-e-type="widget" data-widget_type="heading.default">
					<h5 class="elementor-heading-title elementor-size-default">L’intégration par le sport<br>Réseau de l’Oberhavel</h5>				</div>
				</div>
		<div class="elementor-element elementor-element-b7e4201 e-con-full e-flex e-con e-child" data-id="b7e4201" data-element_type="container" data-e-type="container">
				<div class="elementor-element elementor-element-a24612c elementor-widget elementor-widget-image" data-id="a24612c" data-element_type="widget" data-e-type="widget" data-widget_type="image.default">
															<img fetchpriority="high" decoding="async" width="1920" height="1280" src="https://sport-vereint.de/wp-content/uploads/2025/09/sport-vereint-image-gb-01.webp" class="attachment-full size-full wp-image-2941" alt="" srcset="https://sport-vereint.de/wp-content/uploads/2025/09/sport-vereint-image-gb-01.webp 1920w, https://sport-vereint.de/wp-content/uploads/2025/09/sport-vereint-image-gb-01-300x200.webp 300w, https://sport-vereint.de/wp-content/uploads/2025/09/sport-vereint-image-gb-01-1024x683.webp 1024w, https://sport-vereint.de/wp-content/uploads/2025/09/sport-vereint-image-gb-01-768x512.webp 768w, https://sport-vereint.de/wp-content/uploads/2025/09/sport-vereint-image-gb-01-1536x1024.webp 1536w" sizes="(max-width: 1920px) 100vw, 1920px" />															</div>
				</div>
					</div>
				</div>
		<div class="elementor-element elementor-element-c8527ab e-flex e-con-boxed e-con e-parent" data-id="c8527ab" data-element_type="container" data-e-type="container">
					<div class="e-con-inner">
				<div class="elementor-element elementor-element-1c8300a5 elementor-widget elementor-widget-heading" data-id="1c8300a5" data-element_type="widget" data-e-type="widget" data-widget_type="heading.default">
					<h2 class="elementor-heading-title elementor-size-default">Notre mission</h2>				</div>
		<div class="elementor-element elementor-element-ac740bb e-con-full e-flex e-con e-child" data-id="ac740bb" data-element_type="container" data-e-type="container">
				<div class="elementor-element elementor-element-2ce79e5 elementor-widget elementor-widget-text-editor" data-id="2ce79e5" data-element_type="widget" data-e-type="widget" data-widget_type="text-editor.default">
									<p>Le sport rassemble, au-delà des langues, des origines et des générations.<br>C’est précisément ce qui fait la richesse du projet <b>«&nbsp;L’intégration par le sport dans le district d’Oberhavel&nbsp;»</b>, qui a été financé par le département de la migration du <b>district d’Oberhavel</b> du <b>1er&nbsp;mars au 31&nbsp;décembre&nbsp;2025</b> et mis en œuvre par le <b>Familien-Sport-Verein-Oberhavel e.V.</b>.<br><br></p><h3>Notre objectif commun :</h3><p><b>Rassembler les gens.</b><br>Grâce au mouvement, au jeu et à la rencontre, nous avons renforcé l’intégration sociale des migrants, amélioré leur santé physique et mentale, réduit les barrières linguistiques et surmonté les préjugés. Le sport est devenu un moyen d’ouvrir les portes à l’échange, à la confiance et à une coexistence respectueuse. </p><p>Des <b>groupes de sport multiculturels</b> ont vu le jour dans tout le district d’Oberhavel. L’offre a été complétée par <b>trois grandes journées sportives ouvertes</b>, auxquelles <b>plus de 350&nbsp;personnes</b> ont participé activement&nbsp;: des familles, des enfants, des jeunes et des adultes issus d’horizons très différents. Ce qui était particulièrement important pour nous&nbsp;: <b>la participation dès le début.</b> Les familles et les partenaires du réseau ont été délibérément associés à la planification et à la mise en œuvre des journées sportives familiales.  </p><p>Un autre point important a été <b>la promotion linguistique par le sport</b> ainsi que la mise en place de structures durables. Des <b>programmes d’entraînement et des tandems d’entraîneurs</b> ont été développés dans le cadre de formations, de rencontres de réseau et de formats pratiques. Au total, <b>huit moniteurs et monitrices</b> ont pu être qualifiés en tant que <b>moniteurs de sport pour tous de niveau&nbsp;C</b> pour le travail avec les réfugiés.  </p><p>Un véritable cœur du projet a été <b>l’implication active des migrants en tant que multiplicateurs, multiplicatrices ainsi que moniteurs et monitrices</b>. Cela a considérablement facilité l’accès au sport en club, et les clubs sportifs ont pu se développer de manière plus diversifiée, plus ouverte et plus durable. </p><p>Avec <b>sport-vereint.de</b>, nous avons également créé une base pour rendre les offres sportives du district <b>claires, ciblées et surtout multilingues</b>. La plateforme aide les clubs à atteindre de nouveaux groupes cibles et invite les gens à découvrir des offres d’activités physiques adaptées à proximité de chez eux. </p><p>👉 <b>Vous souhaitez intégrer sport-vereint.de à la page de votre club ou faire partie du réseau&nbsp;?</b><br>N’hésitez pas à nous contacter, nous serons ravis d’échanger avec vous&nbsp;!</p><p>Avec nos salutations sportives<br><b>Votre Familien-Sport-Verein-Oberhavel e.V.</b></p>								</div>
				<div class="elementor-element elementor-element-f419b1d elementor-blockquote--skin-border elementor-widget elementor-widget-blockquote" data-id="f419b1d" data-element_type="widget" data-e-type="widget" data-widget_type="blockquote.default">
							<blockquote class="elementor-blockquote">
			<p class="elementor-blockquote__content">
				Un grand merci au district d’Oberhavel pour sa confiance, son soutien et la possibilité de développer ce projet ensemble – ainsi que pour la perspective d’une collaboration toujours fructueuse.			</p>
					</blockquote>
						</div>
				</div>
					</div>
				</div>
				</div>

<p>À propos de nous L’intégration par le sportRéseau de l’Oberhavel Notre mission Le sport rassemble, au-delà des langues, des origines et des générations.C’est précisément ce qui fait la richesse du projet «&nbsp;L’intégration par le sport dans le district d’Oberhavel&nbsp;», qui a été financé par le département de la migration du district d’Oberhavel du 1er&nbsp;mars au [&hellip;]</p>
