{"id":5045,"date":"2025-10-16T05:57:36","date_gmt":"2025-10-16T03:57:36","guid":{"rendered":"https:\/\/sport-vereint.de\/akteure\/brueno-binicilik-ve-arabacilik-kuluebue-e-v\/"},"modified":"2026-01-06T20:36:17","modified_gmt":"2026-01-06T19:36:17","slug":"brueno-binicilik-ve-arabacilik-kuluebue-e-v","status":"publish","type":"akteure","link":"https:\/\/sport-vereint.de\/tr\/akteure\/brueno-binicilik-ve-arabacilik-kuluebue-e-v\/","title":{"rendered":"Br\u00fcno Binicilik ve Arabac\u0131l\u0131k Kul\u00fcb\u00fc e.V."},"template":"","sportart":[],"region":[79,97],"akteur_typ":[3104],"class_list":["post-5045","akteure","type-akteure","status-publish","hentry","region-brandenburg","region-oberhavel","akteur_typ-sportverein"],"_links":{"self":[{"href":"https:\/\/sport-vereint.de\/tr\/wp-json\/wp\/v2\/akteure\/5045","targetHints":{"allow":["GET"]}}],"collection":[{"href":"https:\/\/sport-vereint.de\/tr\/wp-json\/wp\/v2\/akteure"}],"about":[{"href":"https:\/\/sport-vereint.de\/tr\/wp-json\/wp\/v2\/types\/akteure"}],"wp:attachment":[{"href":"https:\/\/sport-vereint.de\/tr\/wp-json\/wp\/v2\/media?parent=5045"}],"wp:term":[{"taxonomy":"sportart","embeddable":true,"href":"https:\/\/sport-vereint.de\/tr\/wp-json\/wp\/v2\/sportart?post=5045"},{"taxonomy":"region","embeddable":true,"href":"https:\/\/sport-vereint.de\/tr\/wp-json\/wp\/v2\/region?post=5045"},{"taxonomy":"akteur_typ","embeddable":true,"href":"https:\/\/sport-vereint.de\/tr\/wp-json\/wp\/v2\/akteur_typ?post=5045"}],"curies":[{"name":"wp","href":"https:\/\/api.w.org\/{rel}","templated":true}]}}

Brüno Binicilik ve Arabacılık Kulübü e.V.
