{"id":5419,"date":"2025-10-16T05:58:02","date_gmt":"2025-10-16T03:58:02","guid":{"rendered":"https:\/\/sport-vereint.de\/akteure\/sportgemeinschaft-gruen-weiss-baerenklau-e-v\/"},"modified":"2026-01-06T20:02:33","modified_gmt":"2026-01-06T19:02:33","slug":"sportgemeinschaft-gruen-weiss-baerenklau-e-v","status":"publish","type":"akteure","link":"https:\/\/sport-vereint.de\/tr\/akteure\/sportgemeinschaft-gruen-weiss-baerenklau-e-v\/","title":{"rendered":"Sportgemeinschaft Gr\u00fcn-Wei\u00df B\u00e4renklau e.V."},"template":"","sportart":[3849],"region":[79,97],"akteur_typ":[3104],"class_list":["post-5419","akteure","type-akteure","status-publish","hentry","sportart-futbol-tr","region-brandenburg","region-oberhavel","akteur_typ-sportverein"],"_links":{"self":[{"href":"https:\/\/sport-vereint.de\/tr\/wp-json\/wp\/v2\/akteure\/5419","targetHints":{"allow":["GET"]}}],"collection":[{"href":"https:\/\/sport-vereint.de\/tr\/wp-json\/wp\/v2\/akteure"}],"about":[{"href":"https:\/\/sport-vereint.de\/tr\/wp-json\/wp\/v2\/types\/akteure"}],"wp:attachment":[{"href":"https:\/\/sport-vereint.de\/tr\/wp-json\/wp\/v2\/media?parent=5419"}],"wp:term":[{"taxonomy":"sportart","embeddable":true,"href":"https:\/\/sport-vereint.de\/tr\/wp-json\/wp\/v2\/sportart?post=5419"},{"taxonomy":"region","embeddable":true,"href":"https:\/\/sport-vereint.de\/tr\/wp-json\/wp\/v2\/region?post=5419"},{"taxonomy":"akteur_typ","embeddable":true,"href":"https:\/\/sport-vereint.de\/tr\/wp-json\/wp\/v2\/akteur_typ?post=5419"}],"curies":[{"name":"wp","href":"https:\/\/api.w.org\/{rel}","templated":true}]}}

Sportgemeinschaft Grün-Weiß Bärenklau e.V.
