{"id":5861,"date":"2025-10-16T05:57:59","date_gmt":"2025-10-16T03:57:59","guid":{"rendered":"https:\/\/sport-vereint.de\/akteure\/milan-aticilik-kuluebue\/"},"modified":"2026-01-06T20:25:33","modified_gmt":"2026-01-06T19:25:33","slug":"milan-aticilik-kuluebue","status":"publish","type":"akteure","link":"https:\/\/sport-vereint.de\/tr\/akteure\/milan-aticilik-kuluebue\/","title":{"rendered":"Milan At\u0131c\u0131l\u0131k Kul\u00fcb\u00fc"},"template":"","sportart":[],"region":[79,97],"akteur_typ":[3104],"class_list":["post-5861","akteure","type-akteure","status-publish","hentry","region-brandenburg","region-oberhavel","akteur_typ-sportverein"],"_links":{"self":[{"href":"https:\/\/sport-vereint.de\/tr\/wp-json\/wp\/v2\/akteure\/5861","targetHints":{"allow":["GET"]}}],"collection":[{"href":"https:\/\/sport-vereint.de\/tr\/wp-json\/wp\/v2\/akteure"}],"about":[{"href":"https:\/\/sport-vereint.de\/tr\/wp-json\/wp\/v2\/types\/akteure"}],"wp:attachment":[{"href":"https:\/\/sport-vereint.de\/tr\/wp-json\/wp\/v2\/media?parent=5861"}],"wp:term":[{"taxonomy":"sportart","embeddable":true,"href":"https:\/\/sport-vereint.de\/tr\/wp-json\/wp\/v2\/sportart?post=5861"},{"taxonomy":"region","embeddable":true,"href":"https:\/\/sport-vereint.de\/tr\/wp-json\/wp\/v2\/region?post=5861"},{"taxonomy":"akteur_typ","embeddable":true,"href":"https:\/\/sport-vereint.de\/tr\/wp-json\/wp\/v2\/akteur_typ?post=5861"}],"curies":[{"name":"wp","href":"https:\/\/api.w.org\/{rel}","templated":true}]}}

Milan Atıcılık Kulübü
