{"id":7207,"date":"2025-10-16T05:58:07","date_gmt":"2025-10-16T03:58:07","guid":{"rendered":"https:\/\/sport-vereint.de\/akteure\/liebenthal-spor-aticilik-kuluebue-dernegi\/"},"modified":"2026-01-06T20:02:42","modified_gmt":"2026-01-06T19:02:42","slug":"liebenthal-spor-aticilik-kuluebue-dernegi","status":"publish","type":"akteure","link":"https:\/\/sport-vereint.de\/tr\/akteure\/liebenthal-spor-aticilik-kuluebue-dernegi\/","title":{"rendered":"Liebenthal Spor At\u0131c\u0131l\u0131k Kul\u00fcb\u00fc Derne\u011fi"},"template":"","sportart":[],"region":[79,97],"akteur_typ":[3104],"class_list":["post-7207","akteure","type-akteure","status-publish","hentry","region-brandenburg","region-oberhavel","akteur_typ-sportverein"],"_links":{"self":[{"href":"https:\/\/sport-vereint.de\/tr\/wp-json\/wp\/v2\/akteure\/7207","targetHints":{"allow":["GET"]}}],"collection":[{"href":"https:\/\/sport-vereint.de\/tr\/wp-json\/wp\/v2\/akteure"}],"about":[{"href":"https:\/\/sport-vereint.de\/tr\/wp-json\/wp\/v2\/types\/akteure"}],"wp:attachment":[{"href":"https:\/\/sport-vereint.de\/tr\/wp-json\/wp\/v2\/media?parent=7207"}],"wp:term":[{"taxonomy":"sportart","embeddable":true,"href":"https:\/\/sport-vereint.de\/tr\/wp-json\/wp\/v2\/sportart?post=7207"},{"taxonomy":"region","embeddable":true,"href":"https:\/\/sport-vereint.de\/tr\/wp-json\/wp\/v2\/region?post=7207"},{"taxonomy":"akteur_typ","embeddable":true,"href":"https:\/\/sport-vereint.de\/tr\/wp-json\/wp\/v2\/akteur_typ?post=7207"}],"curies":[{"name":"wp","href":"https:\/\/api.w.org\/{rel}","templated":true}]}}

Liebenthal Spor Atıcılık Kulübü Derneği
